te l(v).
0
Let p(u) = u - 1. Let m(a) = a**2 + a + 6. Let r(n) = -m(n) - 6*p(n). Let b(q) = -2*q + 3*q - q**2 + 0*q**2. Let c be b(3). Calculate r(c).
6
Let y(x) = x**2 + 4*x - 61. Let j be y(-10). Let f(g) be the first derivative of -5*g**4/4 + g + 1. What is f(j)?
6
Let h = 5 - 4. Let l(u) be the second derivative of u**7/210 + u**6/180 - u**4/24 - u**3/2 + 3*u. Let a(s) be the second derivative of l(s). Calculate a(h).
5
Let y = -3 + 3. Let u(i) = 3 - i**3 + i**2 + y*i**2 + i**2 - 2. Calculate u(2).
1
Let l(j) = -j**3 + 6*j**2 - 3*j - 6. Let y = 3 + 3. Suppose -3*m - 15 = -y*m. Calculate l(m).
4
Let j(f) be the second derivative of -f**5/2 + f**3/3 - f**2/2 + f. Suppose 0 = -4*l - 37 + 1. Let v be (4/6)/((-6)/l). Determine j(v).
-9
Let g(s) be the third derivative of s**5/60 - s**4/4 + s**3 - s**2. Let l be (-4)/(-5)*(-45)/(-6). Suppose l = 5*w - 4*w. What is g(w)?
6
Let v(y) = 3*y**3 - y + 1. Let m be 4 - (-2 + -10)/(-4). Determine v(m).
3
Suppose 0 = 4*g + 9 + 15. Let u = 8 + g. Let h(d) = -d + u - 3 - 2*d + 6*d. Determine h(-4).
-13
Let u(g) = g - 5. Let n be u(7). Let i(r) = 2*r**2 - 9*r + 6. Let d(b) = 6*b**2 - 26*b + 17. Let m(y) = -6*d(y) + 17*i(y). What is m(n)?
-2
Let n(a) = a**3 + 6*a**2 + 4*a + 4. Let d be 0/((-4)/16*-4). Let p = -5 + d. Give n(p).
9
Let l(w) be the first derivative of -w**3/3 - w**2 + 6*w - 4. Let z(o) be the first derivative of l(o). What is z(2)?
-6
Let d(h) = 6*h - 7. Let a(k) be the third derivative of -5*k**4/24 + 7*k**3/6 - k**2. Let g(o) = 3*a(o) + 2*d(o). Give g(5).
-8
Let y be -26*(-2 + 6/4). Suppose -2*w = 5*g - y, -4*g = -0*w + 4*w - 20. Let u be 19/7 - w/(-14). Let n(h) = -2*h + 1. What is n(u)?
-5
Let j(y) = -8*y**2 + 1 - 8*y**2 + 2*y + 4*y**2. Calculate j(-1).
-13
Let r(q) = -1 - 9*q**3 + q**3 + 5*q**3 + 11*q**3. Determine r(1).
7
Let s = 0 + -1. Let k(m) = -3*m. Let r be k(s). Let j(c) = r - c + 4*c - 6*c - c**3 + 3*c**2. Give j(3).
-6
Let c(g) = g**2 + 3*g - 5. Let i(d) = d. Let x(o) = -o. Let l(a) = 2*i(a) + 3*x(a). Let f be l(5). What is c(f)?
5
Let g(a) = a**3 + 2*a**2 - 2*a - 3. Let s be 14/(-6) - 5/(-15). What is g(s)?
1
Let i(c) = -2 + 4 + 3 + c. Let s be -1 + (-4 - 3/1). Let j = s + 8. What is i(j)?
5
Let j(q) = -q**2 + 3*q - 1. Let y(o) = -o**3 + 5*o**2 - 2*o - 5. Let p be y(4). Determine j(p).
-1
Suppose 0 = 3*u - 50 + 14. Let q be (-3 - -1)/(2/(-3)). Suppose q*p + u = -p. Let a(n) = -n**3 - 3*n**2 - n + 1. Determine a(p).
4
Suppose -17 = -5*x + 108. Suppose -3*v - 2*v = x. Let h(w) = 2*w - 3*w**3 - 5*w**2 - 1 + 2*w**3 + 2. What is h(v)?
-9
Let u(o) = -o**2 - o + 8. Let i(z) = 5*z**2 + 4*z - 32. Let j(y) = -2*i(y) - 9*u(y). Calculate j(0).
-8
Let j(q) = 4*q**2 + 4*q**2 + q - 1 + q**3 - 5*q**2. Calculate j(-3).
-4
Let u = -4 + 8. Suppose 0 = -4*h + 2*i + 18, 0 = -3*h - h - 4*i. Let g(b) = b + 4. Let l(a) = -1. Let s(x) = h*l(x) + g(x). Determine s(u).
5
Let i(c) = c. Let o be 7/2 - (-3)/(-6). Suppose 4*j = 3*k + 24, -o*k = 2*k. Suppose 0 = -3*a + y - 5, 3*a + 2*y = j*y - 2. Determine i(a).
-2
Let a = 3 - 0. Suppose 14 = a*k + 5*g, 2*k - 10 = g - 5*g. Let m(u) = -2*u**2 - 5 + 4 + k*u + u**2. Determine m(4).
-5
Suppose r - 5*k - 5 = 0, 4*r + 6*k + 3 = 3*k. Let q(g) = g + 1. Determine q(r).
1
Let t(x) = -x**2 - 5*x + 8. Let u be t(-6). Let d(z) = u*z**2 - 2*z - 5 - 3*z**2 + 4. Give d(-3).
-4
Let l(i) be the second derivative of i**6/120 + i**5/60 - 5*i**4/24 - i**3/3 - 3*i**2/2 - 3*i. Let d(r) be the first derivative of l(r). What is d(-3)?
-5
Suppose -3*k - 4*g + 5 = 0, 3*g = -k - 0*k. Let v(a) = -4*a + k + 8 - 1. Let h(r) = -5*r + 10. Let c(t) = -3*h(t) + 4*v(t). What is c(5)?
5
Let j(m) be the second derivative of -m**4/12 - m**3/6 + m**2 + m. Suppose 0*w + 3*v = -5*w + 16, -4*v = 5*w - 18. Determine j(w).
-4
Let l(t) = -4*t**3 - 11*t - 4. Let n(d) = -3*d**3 - d**2 - 9*d - 3. Let r(c) = -4*l(c) + 5*n(c). Let x = -6 + 11. Give r(x).
-4
Let x(q) = -q**2 - 3*q. Let r be x(-2). Let g(p) = -2*p - 3*p**r + 0 - 1 + p. Determine g(-2).
-11
Let r(a) be the second derivative of a**6/45 + a**5/120 - a**3 + 8*a. Let j(p) be the second derivative of r(p). Determine j(1).
9
Let r(u) = 6*u + 4*u - 9*u. Calculate r(-6).
-6
Let g = 11 + -5. Suppose 0 = -0*i + i - 3*r + g, -i + 2*r = 3. Let n(u) = -1 + 3 + 2*u - i*u. Calculate n(0).
2
Let s(x) be the third derivative of x**6/120 + x**5/60 - x**3/2 + 37*x**2 + x. Calculate s(0).
-3
Let j be (-3)/(-1)*-1*1. Let u(m) = 0*m - 3 + 5*m + 14. Let r(a) = 2*a + 5. Let c(l) = j*u(l) + 7*r(l). What is c(3)?
-1
Let y(x) be the second derivative of -x**3/3 - x**2/2 - 12*x. Determine y(-6).
11
Let s(v) = -2*v**3 + 3*v**2 - 3*v + 3. Suppose 3*z + 39 = -9. Let i be (z/12)/(2/(-3)). Determine s(i).
-7
Let m(g) be the third derivative of g**4/24 + g**2. Suppose 0 = -5*b - i + 105, -3*i + 1 - 6 = -b. Suppose 0*o + b = 5*o. Determine m(o).
4
Let r(o) be the third derivative of -1/3*o**3 + 1/60*o**5 + 0*o + 0 - 1/24*o**4 + 4*o**2. Give r(-2).
4
Suppose -5 + 0 = y. Let z(o) = -o - 16. Let x(w) = -w - 17. Let j(p) = -4*x(p) + 5*z(p). What is j(y)?
-7
Suppose -2 = -p - 4*q, -3*q = 4*p - 0*q - 8. Let u be 2/7 + p/(-7). Let z(n) = -n**2 + n + 6. Determine z(u).
6
Suppose -10 = 7*v + 4. Let f(m) = -4*m**2 - 2*m + 2. What is f(v)?
-10
Suppose -2*i - 7 = 3. Let g(m) = m**3 + m**2 + m + 3. Let x be g(0). Let v(y) = -y + 2*y**2 + x*y + 3*y - y**2. Determine v(i).
0
Let l(x) = x**3 - 4*x**2 - 5*x - 1. Let f(c) = c**3 - 8*c**2 - 7*c - 13. Let b be f(9). What is l(b)?
-1
Let y(b) be the first derivative of -3*b**2 - 3*b - 4. Suppose -4*p = -x - x + 10, 5*p + 9 = -x. Determine y(p).
9
Let x = -3 - -3. Let g(c) = 2 - c + 1 + x. Let y(j) = j**2. Let q be y(2). Give g(q).
-1
Suppose 7 = -x + 8. Let u be 6*(x - 1/2). Let c(a) be the first derivative of 3*a**2/2 + a + 1. Give c(u).
10
Let d be 1/4*(5 - 5). Let q(v) = v + d*v**3 - 5 - 2 + v**3 + v**2. Suppose -x + 5*n + 5 = 0, 2*x = -n - n - 2. Give q(x).
-7
Let t(b) = -3*b + 6. Let i(v) = -3*v - 1. Let q(o) = -o - 1. Let n be ((-4)/3)/(8/(-12)). Let d(u) = n*q(u) - 2*i(u). Let y be d(1). Give t(y).
-6
Let q(h) = -h - 7. Let c(t) = t**3 - 7*t**2 - t + 8. Let u be c(7). Let y = -4 - u. Give q(y).
-2
Let o = 12 - 8. Let n(c) = 2*c**3 + 5*c**2 + 3*c + 2. Let y(w) = -w**3 - 4*w**2 - 4*w - 1. Let h(p) = 2*n(p) + 3*y(p). Calculate h(o).
9
Suppose 2 + 30 = -4*x. Let u = x - -13. Let i(y) = -7 - 5*y + 4*y + 2*y. Calculate i(u).
-2
Let v(o) = 8*o + 1. Let c be (20/15)/(4/6). Suppose 4*g - c*g - 14 = 0. Let h = -6 + g. Determine v(h).
9
Let g(f) be the third derivative of 3*f**4/8 + f**3/6 - 5*f**2. Determine g(1).
10
Let d = 15 - 10. Let v(x) be the first derivative of 3*x**3 - 9*x**2/2 + 8*x + 6. Let s(m) = -4*m**2 + 5*m - 4. Let p(y) = -7*s(y) - 3*v(y). What is p(d)?
-11
Let p(u) be the third derivative of u**6/360 + u**5/30 - u**4/12 + 2*u**2. Let m(h) be the second derivative of p(h). Let w be (-3)/(-1)*(-8)/6. What is m(w)?
-4
Let j(t) = -3*t**2 + 32*t - 20. Let o(q) = -q**2 + 11*q - 7. Let g(h) = 6*j(h) - 17*o(h). What is g(2)?
5
Suppose -25 + 9 = -4*w. Let y(m) = w*m - 3*m - 2*m. Let v(u) = -7*u - 1. Let g(p) = -v(p) + 3*y(p). Give g(-1).
-3
Let v(r) = -2*r - 2. Let t = 7 - 5. Suppose -5*h = t*i + 25, i + 2 = h - 0*i. What is v(h)?
4
Let a(g) = 3*g + 18. Let c(r) = -2*r - 12. Let f(v) = 5*a(v) + 8*c(v). Determine f(-11).
5
Let t(y) = y + 4. Suppose 24 = 6*c - 10*c. Give t(c).
-2
Let x(k) be the third derivative of k**9/60480 - k**8/3360 + k**7/5040 - k**6/90 - k**5/15 + 7*k**2. Let c(d) be the third derivative of x(d). Determine c(6).
-2
Let n(q) = -q**2 + 8*q - 5. Let d(u) = -6*u**3 - u - 1. Suppose 5*m = 4*i + 14, 0 = m - 4 + 2. Let b be d(i). Determine n(b).
7
Let v(q) be the first derivative of -q**5/10 + q**2/2 - 6*q + 1. Let m(y) be the first derivative of v(y). What is m(1)?
-1
Let f(l) = 2*l - 5. Let o be f(5). Let w be (-1)/2*(o - 1). Let j(i) = -i**2 - i + 1. What is j(w)?
-1
Let q(r) = -r**2 + r + 1. Let i(g) = 2*g**2 - 8*g - 3. Let h(p) = i(p) + 3*q(p). Give h(-5).
0
Let n(t) = 7*t**3 + 7*t**2 + 5*t + 7. Let w(b) = -3*b**3 - 3*b**2 - 2*b - 3. Let m be 3/12 + 74/(-8). Let a(y) = m*w(y) - 4*n(y). Determine a(-1).
1
Let j = 77/2 - 38. Let f(m) be the second derivative of 2*m**2 + 1/20*m**5 + 1/12*m**4 - j*m**3 + 0 - 3*m. Give f(-3).
-